{"id":28,"date":"2012-09-18T10:57:01","date_gmt":"2012-09-18T10:57:01","guid":{"rendered":"http:\/\/themes.uxbarn.com\/wp\/lamoon-dummy\/?page_id=28"},"modified":"2013-02-13T10:42:18","modified_gmt":"2013-02-13T09:42:18","slug":"about-us","status":"publish","type":"page","link":"https:\/\/www.crocedelmoro.it\/home\/?page_id=28","title":{"rendered":"La Storia"},"content":{"rendered":"<div class=\"container section\"><div class=\"one-third column\"><h3 class=\" nobg  left \"><span>Il Folklore<\/span><\/h3><\/p>\n<p>Rosora come del resto si pu\u00f2 dire della Vallesina, \u00e8 terra di tradizioni popolari dove nel corso dei secoli si sono susseguiti e spesso sovrapposti, leggende, credenze, pregiudizi, proverbi, aforismi, riti magici, stornelli, filastrocche, ninna nanne, ecc..<\/p>\n<p>Alla confluenza di tutte queste tradizioni genuine, il famoso &#8220;VERDICCHIO&#8221; e la cucina popolare di origine contadina.<br \/>\n<\/div><div class=\"one-third column\"><h3 class=\" nobg  left \"><span>Sagre paesane e feste<\/span><\/h3><\/p>\n<p><strong>Sagra del Verdicchio<\/strong><br \/>\nSi svolge in agosto. L&#8217;ottimo vino doc. classico e genuino, viene degustato negli stand gastronomici allestiti principalmente dalla piccole aziende agrarie della zona.<\/p>\n<p><strong>Festa in campagna<\/strong><br \/>\nSi tratta di una festa in onore delle tradizioni e dei prodotti delle fertili colline che caratterizzano il territorio del Comune. Si svolge nel mese di settembre in localit\u00e0 Tassanare.<\/p>\n<p><strong>Festa del patrono San Michele Arcangelo<\/strong><br \/>\n29 settembre &#8211; Celebrazioni religiose.<\/p>\n<p><\/div><div class=\"one-third column last\"><\/p>\n<p><strong>Festa della sapa<\/strong><br \/>\nSi tiene nella seconda met\u00e0 di ottobre. E&#8217; la festa dedicata a uno dei pi\u00f9 tipici prodotti che caratterizzavano la civilt\u00e0 alimentare delle campagne marchigiane. La manifestazione, denominata &#8220;Alla riscoperta delle vecchie tradizioni&#8221;, dura tre giorni e rappresenta un&#8217;occasione per conoscere non solo le tradizioni gastronomiche ma anche le produzioni di artigianato locale. Nell&#8217;ambito della manifestazione si organizzano convegni sul Verdicchio doc.<\/p>\n<p><strong>Festa della Madonna<\/strong><br \/>\nSi svolge il 13 aprile: si tratta di una tradizionale festa religiosa, accompagnata da una fiera, nella frazione Angeli.<\/p>\n<p><\/div><\/div>\n<div class=\"header container section\"><h2 class=\" left \"><span>Uno scorcio del passato<\/span><\/h2><\/div>\n<p><img loading=\"lazy\" src=\"https:\/\/www.crocedelmoro.it\/home\/wp-content\/uploads\/2012\/09\/storia1.jpg\" alt=\"storia1\" width=\"701\" height=\"466\" class=\"aligncenter size-full wp-image-359\" srcset=\"https:\/\/www.crocedelmoro.it\/home\/wp-content\/uploads\/2012\/09\/storia1.jpg 701w, https:\/\/www.crocedelmoro.it\/home\/wp-content\/uploads\/2012\/09\/storia1-300x199.jpg 300w, https:\/\/www.crocedelmoro.it\/home\/wp-content\/uploads\/2012\/09\/storia1-410x273.jpg 410w\" sizes=\"(max-width: 701px) 100vw, 701px\" \/><\/p>\n","protected":false},"excerpt":{"rendered":"","protected":false},"author":3,"featured_media":12,"parent":0,"menu_order":0,"comment_status":"open","ping_status":"closed","template":"","meta":[],"yoast_head":"<!-- This site is optimized with the Yoast SEO plugin v16.7 - https:\/\/yoast.com\/wordpress\/plugins\/seo\/ -->\n<meta name=\"robots\" content=\"index, follow, max-snippet:-1, max-image-preview:large, max-video-preview:-1\" \/>\n<link rel=\"canonical\" href=\"https:\/\/www.crocedelmoro.it\/home\/?page_id=28\" \/>\n<meta property=\"og:locale\" content=\"it_IT\" \/>\n<meta property=\"og:type\" content=\"article\" \/>\n<meta property=\"og:title\" content=\"La Storia - Croce del Moro\" \/>\n<meta property=\"og:url\" content=\"https:\/\/www.crocedelmoro.it\/home\/?page_id=28\" \/>\n<meta property=\"og:site_name\" content=\"Croce del Moro\" \/>\n<meta property=\"article:modified_time\" content=\"2013-02-13T09:42:18+00:00\" \/>\n<meta property=\"og:image\" content=\"https:\/\/www.crocedelmoro.it\/home\/wp-content\/uploads\/2012\/09\/940x220.gif\" \/>\n\t<meta property=\"og:image:width\" content=\"940\" \/>\n\t<meta property=\"og:image:height\" content=\"220\" \/>\n<meta name=\"twitter:label1\" content=\"Tempo di lettura stimato\" \/>\n\t<meta name=\"twitter:data1\" content=\"1 minuto\" \/>\n<script type=\"application\/ld+json\" class=\"yoast-schema-graph\">{\"@context\":\"https:\/\/schema.org\",\"@graph\":[{\"@type\":\"WebSite\",\"@id\":\"https:\/\/www.crocedelmoro.it\/home\/#website\",\"url\":\"https:\/\/www.crocedelmoro.it\/home\/\",\"name\":\"Croce del Moro\",\"description\":\"Azienda agrituristica\",\"potentialAction\":[{\"@type\":\"SearchAction\",\"target\":{\"@type\":\"EntryPoint\",\"urlTemplate\":\"https:\/\/www.crocedelmoro.it\/home\/?s={search_term_string}\"},\"query-input\":\"required name=search_term_string\"}],\"inLanguage\":\"it-IT\"},{\"@type\":\"ImageObject\",\"@id\":\"https:\/\/www.crocedelmoro.it\/home\/?page_id=28#primaryimage\",\"inLanguage\":\"it-IT\",\"url\":\"https:\/\/www.crocedelmoro.it\/home\/wp-content\/uploads\/2012\/09\/940x220.gif\",\"contentUrl\":\"https:\/\/www.crocedelmoro.it\/home\/wp-content\/uploads\/2012\/09\/940x220.gif\",\"width\":940,\"height\":220},{\"@type\":\"WebPage\",\"@id\":\"https:\/\/www.crocedelmoro.it\/home\/?page_id=28#webpage\",\"url\":\"https:\/\/www.crocedelmoro.it\/home\/?page_id=28\",\"name\":\"La Storia - Croce del Moro\",\"isPartOf\":{\"@id\":\"https:\/\/www.crocedelmoro.it\/home\/#website\"},\"primaryImageOfPage\":{\"@id\":\"https:\/\/www.crocedelmoro.it\/home\/?page_id=28#primaryimage\"},\"datePublished\":\"2012-09-18T10:57:01+00:00\",\"dateModified\":\"2013-02-13T09:42:18+00:00\",\"breadcrumb\":{\"@id\":\"https:\/\/www.crocedelmoro.it\/home\/?page_id=28#breadcrumb\"},\"inLanguage\":\"it-IT\",\"potentialAction\":[{\"@type\":\"ReadAction\",\"target\":[\"https:\/\/www.crocedelmoro.it\/home\/?page_id=28\"]}]},{\"@type\":\"BreadcrumbList\",\"@id\":\"https:\/\/www.crocedelmoro.it\/home\/?page_id=28#breadcrumb\",\"itemListElement\":[{\"@type\":\"ListItem\",\"position\":1,\"name\":\"La Storia\"}]}]}<\/script>\n<!-- \/ Yoast SEO plugin. -->","yoast_head_json":{"robots":{"index":"index","follow":"follow","max-snippet":"max-snippet:-1","max-image-preview":"max-image-preview:large","max-video-preview":"max-video-preview:-1"},"canonical":"https:\/\/www.crocedelmoro.it\/home\/?page_id=28","og_locale":"it_IT","og_type":"article","og_title":"La Storia - Croce del Moro","og_url":"https:\/\/www.crocedelmoro.it\/home\/?page_id=28","og_site_name":"Croce del Moro","article_modified_time":"2013-02-13T09:42:18+00:00","og_image":[{"width":940,"height":220,"url":"https:\/\/www.crocedelmoro.it\/home\/wp-content\/uploads\/2012\/09\/940x220.gif","path":"\/var\/www\/vhosts\/crocedelmoro.it\/httpdocs\/home\/wp-content\/uploads\/2012\/09\/940x220.gif","size":"full","id":12,"alt":"","pixels":206800,"type":"image\/gif"}],"twitter_misc":{"Tempo di lettura stimato":"1 minuto"},"schema":{"@context":"https:\/\/schema.org","@graph":[{"@type":"WebSite","@id":"https:\/\/www.crocedelmoro.it\/home\/#website","url":"https:\/\/www.crocedelmoro.it\/home\/","name":"Croce del Moro","description":"Azienda agrituristica","potentialAction":[{"@type":"SearchAction","target":{"@type":"EntryPoint","urlTemplate":"https:\/\/www.crocedelmoro.it\/home\/?s={search_term_string}"},"query-input":"required name=search_term_string"}],"inLanguage":"it-IT"},{"@type":"ImageObject","@id":"https:\/\/www.crocedelmoro.it\/home\/?page_id=28#primaryimage","inLanguage":"it-IT","url":"https:\/\/www.crocedelmoro.it\/home\/wp-content\/uploads\/2012\/09\/940x220.gif","contentUrl":"https:\/\/www.crocedelmoro.it\/home\/wp-content\/uploads\/2012\/09\/940x220.gif","width":940,"height":220},{"@type":"WebPage","@id":"https:\/\/www.crocedelmoro.it\/home\/?page_id=28#webpage","url":"https:\/\/www.crocedelmoro.it\/home\/?page_id=28","name":"La Storia - Croce del Moro","isPartOf":{"@id":"https:\/\/www.crocedelmoro.it\/home\/#website"},"primaryImageOfPage":{"@id":"https:\/\/www.crocedelmoro.it\/home\/?page_id=28#primaryimage"},"datePublished":"2012-09-18T10:57:01+00:00","dateModified":"2013-02-13T09:42:18+00:00","breadcrumb":{"@id":"https:\/\/www.crocedelmoro.it\/home\/?page_id=28#breadcrumb"},"inLanguage":"it-IT","potentialAction":[{"@type":"ReadAction","target":["https:\/\/www.crocedelmoro.it\/home\/?page_id=28"]}]},{"@type":"BreadcrumbList","@id":"https:\/\/www.crocedelmoro.it\/home\/?page_id=28#breadcrumb","itemListElement":[{"@type":"ListItem","position":1,"name":"La Storia"}]}]}},"_links":{"self":[{"href":"https:\/\/www.crocedelmoro.it\/home\/index.php?rest_route=\/wp\/v2\/pages\/28"}],"collection":[{"href":"https:\/\/www.crocedelmoro.it\/home\/index.php?rest_route=\/wp\/v2\/pages"}],"about":[{"href":"https:\/\/www.crocedelmoro.it\/home\/index.php?rest_route=\/wp\/v2\/types\/page"}],"author":[{"embeddable":true,"href":"https:\/\/www.crocedelmoro.it\/home\/index.php?rest_route=\/wp\/v2\/users\/3"}],"replies":[{"embeddable":true,"href":"https:\/\/www.crocedelmoro.it\/home\/index.php?rest_route=%2Fwp%2Fv2%2Fcomments&post=28"}],"version-history":[{"count":12,"href":"https:\/\/www.crocedelmoro.it\/home\/index.php?rest_route=\/wp\/v2\/pages\/28\/revisions"}],"predecessor-version":[{"id":235,"href":"https:\/\/www.crocedelmoro.it\/home\/index.php?rest_route=\/wp\/v2\/pages\/28\/revisions\/235"}],"wp:featuredmedia":[{"embeddable":true,"href":"https:\/\/www.crocedelmoro.it\/home\/index.php?rest_route=\/wp\/v2\/media\/12"}],"wp:attachment":[{"href":"https:\/\/www.crocedelmoro.it\/home\/index.php?rest_route=%2Fwp%2Fv2%2Fmedia&parent=28"}],"curies":[{"name":"wp","href":"https:\/\/api.w.org\/{rel}","templated":true}]}}

<div class="container section"><div class="one-third column"><h3 class=" nobg  left "><span>Il Folklore</span></h3></p>
<p>Rosora come del resto si può dire della Vallesina, è terra di tradizioni popolari dove nel corso dei secoli si sono susseguiti e spesso sovrapposti, leggende, credenze, pregiudizi, proverbi, aforismi, riti magici, stornelli, filastrocche, ninna nanne, ecc..</p>
<p>Alla confluenza di tutte queste tradizioni genuine, il famoso &#8220;VERDICCHIO&#8221; e la cucina popolare di origine contadina.<br />
</div><div class="one-third column"><h3 class=" nobg  left "><span>Sagre paesane e feste</span></h3></p>
<p><strong>Sagra del Verdicchio</strong><br />
Si svolge in agosto. L&#8217;ottimo vino doc. classico e genuino, viene degustato negli stand gastronomici allestiti principalmente dalla piccole aziende agrarie della zona.</p>
<p><strong>Festa in campagna</strong><br />
Si tratta di una festa in onore delle tradizioni e dei prodotti delle fertili colline che caratterizzano il territorio del Comune. Si svolge nel mese di settembre in località Tassanare.</p>
<p><strong>Festa del patrono San Michele Arcangelo</strong><br />
29 settembre &#8211; Celebrazioni religiose.</p>
<p></div><div class="one-third column last"></p>
<p><strong>Festa della sapa</strong><br />
Si tiene nella seconda metà di ottobre. E&#8217; la festa dedicata a uno dei più tipici prodotti che caratterizzavano la civiltà alimentare delle campagne marchigiane. La manifestazione, denominata &#8220;Alla riscoperta delle vecchie tradizioni&#8221;, dura tre giorni e rappresenta un&#8217;occasione per conoscere non solo le tradizioni gastronomiche ma anche le produzioni di artigianato locale. Nell&#8217;ambito della manifestazione si organizzano convegni sul Verdicchio doc.</p>
<p><strong>Festa della Madonna</strong><br />
Si svolge il 13 aprile: si tratta di una tradizionale festa religiosa, accompagnata da una fiera, nella frazione Angeli.</p>
<p></div></div>
<div class="header container section"><h2 class=" left "><span>Uno scorcio del passato</span></h2></div>
<p><img loading="lazy" src="https://www.crocedelmoro.it/home/wp-content/uploads/2012/09/storia1.jpg" alt="storia1" width="701" height="466" class="aligncenter size-full wp-image-359" srcset="https://www.crocedelmoro.it/home/wp-content/uploads/2012/09/storia1.jpg 701w, https://www.crocedelmoro.it/home/wp-content/uploads/2012/09/storia1-300x199.jpg 300w, https://www.crocedelmoro.it/home/wp-content/uploads/2012/09/storia1-410x273.jpg 410w" sizes="(max-width: 701px) 100vw, 701px" /></p>
